*m**3 + 0*m**3 + 38 + 4*m**3 + m - m**2. Calculate the remainder when q(0) is divided by 20.
18
Let t be (1 - 2) + 1*5. Suppose -7 = t*w - 35. What is the remainder when (-6)/(-21) + 243/w is divided by 12?
11
Let t(n) = n**3 - 10*n**2 + 11*n + 1. Let u be (6/9)/(2/27). Calculate the remainder when 37 is divided by t(u).
18
Suppose 0*b + 3*b = 204. What is the remainder when b is divided by 14?
12
Let d(i) = 3*i - 22. Calculate the remainder when 75 is divided by d(16).
23
Let t = -13 + 14. Suppose 3*c - 1 = 2*c. What is the remainder when t is divided by c?
0
Suppose 2*x - 64 = -4. What is the remainder when 54 is divided by x?
24
Suppose 0 = -c + 3*c - 44. Let b = 81 - 36. Suppose b = 4*q - 3. What is the remainder when c is divided by q?
10
Let h = -24 + 43. Calculate the remainder when h is divided by 10.
9
Suppose 0 = -4*z + 5*b + 46, z - 2*b - 11 = -1. Let p = 3 + z. Calculate the remainder when 33 is divided by p.
16
Suppose -h = 2*d - 0 - 7, 0 = 2*d + 2*h - 2. Suppose -4*c = -0 + 16. Calculate the remainder when 10 is divided by (c/d)/((-2)/18).
4
Let r(j) = j**3 - 4*j - 1. Let i be r(3). Let b be 4/i - (-26)/7. Suppose 32 = 2*o + 2*x, -3*o + b*x = 2*o - 53. What is the remainder when o is divided by 5?
3
Let o = 27 - 13. Suppose -s + 3*f + 32 = 0, -7*s + 149 = -3*s - 5*f. What is the remainder when s is divided by o?
13
Let h be ((-10)/5)/((-4)/6). Suppose h*a - 29 = -p, -p + 28 = -2*a + 4*a. What is the remainder when p is divided by 14?
12
Let x = 103 - 66. Suppose 0 = 4*g - 3*u - 69 + 20, 0 = -3*g + 5*u + 34. Calculate the remainder when x is divided by g.
11
Suppose 2*b - 4*z = -4, -2 = -b - z + 5. Let m(i) = 2*i**2 - 7*i + 5. Let u(f) = f**2 - 3*f - 5. What is the remainder when m(b) is divided by u(5)?
4
Calculate the remainder when (0 - (-124)/10)/((-3)/(-30)) is divided by 25.
24
Suppose 12 = 3*g, 7*v - 44 = 2*v - g. Let d = 10 - -4. What is the remainder when d is divided by v?
6
Let z = 54 + -29. Let i = z + -13. Let w = 83 + -48. What is the remainder when w is divided by i?
11
Let v(y) = -y**2 - 5*y + 6. What is the remainder when 11 is divided by v(-5)?
5
Suppose -2 = -4*q + 3*q. What is the remainder when ((6*1)/2)/1 is divided by q?
1
Suppose 75 = 3*j + 2*j. Suppose 5*y = 2*h - 94, -2*h - 2*y + 293 = 3*h. Calculate the remainder when h is divided by j.
12
Suppose -55 - 65 = -5*d. Suppose -4*a + 12 = 56. Let n = 20 + a. What is the remainder when d is divided by n?
6
Let z = -4 + 4. Suppose z*p = -4*p. Suppose p*q = -2*q + 36. Calculate the remainder when 53 is divided by q.
17
Let l(y) = -y + 8. Let j be l(-10). Let i be 27/(-2) + 3/(-6). Let o = j - i. What is the remainder when o is divided by 11?
10
Let f(g) = -6*g. Let i be f(1). Let c = i + 38. Calculate the remainder when c is divided by (2 - 3)*-1*11.
10
Suppose -297 + 722 = 5*t. What is the remainder when t is divided by 22?
19
Let i be (-279)/(-21) + (-4)/14. Let t = i + -5. Calculate the remainder when 21 is divided by t.
5
Let v(q) = -q**3 + 11*q**2 - 10*q + 20. Calculate the remainder when 98 is divided by v(10).
18
Let n = -77 - -134. Calculate the remainder when n is divided by 15.
12
Suppose 0*p = -3*o - p + 3, 0 = -4*o - p + 5. Let t = -8 - -22. What is the remainder when 1*(-159)/(-6)*o is divided by t?
11
Suppose -5*x + 0*x + 3*w = -18, -2*x + 5*w = -11. Suppose -x*u - 37 = -s + u, 5*s + 3*u - 300 = 0. What is the remainder when 4/((-4)/3) + s is divided by 14?
12
Let p = 19 - 5. Calculate the remainder when p is divided by 4.
2
Suppose 2*s = -4*s + 90. Calculate the remainder when s is divided by 8.
7
Suppose d - 5*d + 108 = 0. Let g(m) = -3*m - 6. Calculate the remainder when d is divided by g(-7).
12
Let f(l) be the third derivative of 5*l**4/12 - 5*l**3/3 + l**2. Let v be f(7). Calculate the remainder when 11 is divided by ((-4)/10)/((-4)/v).
5
Let p = 6 + -6. Suppose 0*z + 3*z - 60 = p. Calculate the remainder when z is divided by 11.
9
Suppose v = -4*a + 5, -3*a + 6 + 3 = v. Suppose -3*i + 8*i = 80. Let p = 27 - i. Calculate the remainder when v is divided by p.
10
Suppose g + 4*g - 5 = 4*a, a + 5*g - 5 = 0. Let n(c) be the first derivative of -c**3/3 - c**2/2 + 43*c - 2. What is the remainder when n(a) is divided by 15?
13
Let h = -30 - -58. Suppose -g + 55 = 4*g. Suppose g = 3*b - 19. What is the remainder when h is divided by b?
8
Suppose 6 = 4*b - 0*b + 3*r, -4*b - 2*r + 4 = 0. Suppose b*x + 4*x = 16. Calculate the remainder when 11 is divided by x.
3
Calculate the remainder when 82 is divided by (2 - 1)/(-2*5/(-210)).
19
Let y(k) = -k**3 + 13*k**2 + 15*k - 3. Calculate the remainder when 164 is divided by y(14).
10
Let m = 40 - 18. Suppose -2*d - m = -4*d. What is the remainder when 21 is divided by d?
10
Suppose -4*l + 56 = 2*m, 0*m - m - 5*l = -34. What is the remainder when m is divided by 1*(-1)/(-1) - -8?
6
Suppose 0 = -y + 14 - 4. Suppose -n - 4*n + y = 0. Suppose -3*t = c - 10, 0 = -5*t + 2*c + n*c + 45. Calculate the remainder when 8 is divided by t.
3
Let p(y) = 14*y**2 - 2*y + 1. What is the remainder when 64 is divided by p(1)?
12
Let t = 48 - 34. Suppose -13 = 4*u - 5*u. Suppose 3*n = u + 2. Calculate the remainder when t is divided by n.
4
Let z(u) = -u**3 + 4*u**2 + 3*u + 4. Let y be z(5). Let o(t) = -11*t**2 + t. Let k be o(1). Let v = y - k. Calculate the remainder when 11 is divided by v.
3
Let i = 1 - -3. Suppose 0 = -3*b - 5*m + 5, -i*m - 10 = -3*b + 13. Calculate the remainder when 8 is divided by b.
3
Let l(d) = -d**2 - 11*d - 2. Suppose c + 5 = -4*c. Let n = -9 + c. Calculate the remainder when l(n) is divided by 3.
2
Let r = -15 + 28. Calculate the remainder when 37 is divided by r.
11
Suppose 83 = 5*t + 5*k - 3*k, -3*t - k = -49. What is the remainder when 44 is divided by t?
14
Let c = -11 - -5. Calculate the remainder when 1 + c/2 + 5 is divided by 2.
1
Let f be (116/(-10))/((-4)/20). Suppose 5*v - 97 = f. Calculate the remainder when v is divided by 16.
15
Suppose v = -3*v + 56. Calculate the remainder when (-210)/(-5) - (1 + 1) is divided by v.
12
Let c be (0 + 2 - 5)*1. Let s = -2 - c. Let r = 3 + s. Calculate the remainder when 7 is divided by r.
3
Suppose -o = -2*b + 127, 4*o - 123 + 445 = 5*b. What is the remainder when b is divided by (-4)/(-2 - (-21)/12)?
14
Let r(p) = p**3 + p**2 - 3*p + 10. Calculate the remainder when r(4) is divided by 8.
6
Let v(i) = -17*i**3 + 2*i**2 + 2*i + 1. Let a be v(-1). Let d = a + 7. Suppose -3*n - 2*n = 2*h - 39, 0 = n + 3*h. What is the remainder when d is divided by n?
7
Suppose -35 + 7 = -2*c. Suppose -3*s - 4*l = s + 64, -l + 20 = -2*s. Let y = s + 17. What is the remainder when c is divided by y?
4
Calculate the remainder when 2*68/16*2 is divided by ((-36)/8)/(1/(-2)).
8
Suppose 52 = 4*l - 4*p, 2*l - 3 = 3*p + 19. What is the remainder when 33 is divided by l?
16
Let c = 10 - -88. What is the remainder when c is divided by 11?
10
Suppose s = -0*s + 5*a + 13, -5*s + 2*a = 4. What is the remainder when 17 is divided by (-98)/(-21) - s/6?
2
Let o(r) = 5*r + 12. What is the remainder when o(14) is divided by 44?
38
Let b(s) = 7*s. Let q be b(-1). Calculate the remainder when 56 is divided by 7 + q + 19 + 0.
18
Suppose -14 = -5*j + 3*j. What is the remainder when 11 is divided by j?
4
Let m(r) = -r**3 - 5*r**2. Let i be (-9)/12 - 30/(-8). Suppose b - i*b + 38 = 0. What is the remainder when m(-6) is divided by b?
17
Suppose -4*y + 0 = -16, 5*p - 78 = -2*y. Suppose -3*s - 4*x + x = 0, s = -3*x - 2. Let t = p - s. Calculate the remainder when 37 is divided by t.
11
Suppose 9*d - 14*d + 170 = 0. Calculate the remainder when d is divided by 18.
16
Suppose 12*x - 36 = 8*x. Calculate the remainder when 51 is divided by x.
6
Let y = -53 + 122. What is the remainder when y is divided by 18?
15
Suppose 4*i - 2*x - 24 = -0, 2*x = 3*i - 16. Suppose 0 = -4*t + 4, -25 = -j + 5*t - t. What is the remainder when j is divided by i?
5
Suppose p - 8*x + 1 = -3*x, 2*x = 3*p - 10. Let r = 14 + -12. Suppose -p*i + 20 = 2*z, -2*i + 52 = 6*z - r*z. Calculate the remainder when 39 is divided by z.
11
Suppose 0*k = -5*k + 75. What is the remainder when 28 is divided by k?
13
Let r = -4 - -20. Calculate the remainder when 44 is divided by r.
12
Calculate the remainder when 144 is divided by (-130